{"id":1992,"date":"2023-02-04T14:12:01","date_gmt":"2023-02-04T11:12:01","guid":{"rendered":"http:\/\/hosbescafe.com\/?post_type=product&#038;p=1992"},"modified":"2025-12-22T09:21:53","modified_gmt":"2025-12-22T06:21:53","slug":"limonlu-cheesecake","status":"publish","type":"product","link":"https:\/\/hosbescafe.com\/index.php\/product\/limonlu-cheesecake\/","title":{"rendered":"Limonlu Cheesecake"},"content":{"rendered":"","protected":false},"excerpt":{"rendered":"","protected":false},"featured_media":2328,"comment_status":"open","ping_status":"closed","template":"","meta":{"_uag_custom_page_level_css":"","site-sidebar-layout":"default","site-content-layout":"default","ast-global-header-display":"","ast-main-header-display":"","ast-hfb-above-header-display":"","ast-hfb-below-header-display":"","ast-hfb-mobile-header-display":"","site-post-title":"","ast-breadcrumbs-content":"","ast-featured-img":"","footer-sml-layout":"","theme-transparent-header-meta":"default","adv-header-id-meta":"","stick-header-meta":"","header-above-stick-meta":"","header-main-stick-meta":"","header-below-stick-meta":""},"product_cat":[30],"product_tag":[],"yoast_head":"<!-- This site is optimized with the Yoast SEO plugin v20.1 - https:\/\/yoast.com\/wordpress\/plugins\/seo\/ -->\n<title>Limonlu Cheesecake - Ho\u015fbe\u015f Cafe<\/title>\n<meta name=\"robots\" content=\"index, follow, max-snippet:-1, max-image-preview:large, max-video-preview:-1\" \/>\n<link rel=\"canonical\" href=\"https:\/\/hosbescafe.com\/index.php\/product\/limonlu-cheesecake\/\" \/>\n<meta property=\"og:locale\" content=\"tr_TR\" \/>\n<meta property=\"og:type\" content=\"article\" \/>\n<meta property=\"og:title\" content=\"Limonlu Cheesecake - Ho\u015fbe\u015f Cafe\" \/>\n<meta property=\"og:url\" content=\"https:\/\/hosbescafe.com\/index.php\/product\/limonlu-cheesecake\/\" \/>\n<meta property=\"og:site_name\" content=\"Ho\u015fbe\u015f Cafe\" \/>\n<meta property=\"article:publisher\" content=\"https:\/\/www.facebook.com\/HosbesCafe\/?locale=tr_TR\" \/>\n<meta property=\"article:modified_time\" content=\"2025-12-22T06:21:53+00:00\" \/>\n<meta property=\"og:image\" content=\"http:\/\/hosbescafe.com\/wp-content\/uploads\/2023\/02\/DERG8983-kopya-scaled.jpg\" \/>\n\t<meta property=\"og:image:width\" content=\"2560\" \/>\n\t<meta property=\"og:image:height\" content=\"1707\" \/>\n\t<meta property=\"og:image:type\" content=\"image\/jpeg\" \/>\n<meta name=\"twitter:card\" content=\"summary_large_image\" \/>\n<meta name=\"twitter:site\" content=\"@hosbesbistro\" \/>\n<script type=\"application\/ld+json\" class=\"yoast-schema-graph\">{\"@context\":\"https:\/\/schema.org\",\"@graph\":[{\"@type\":\"WebPage\",\"@id\":\"https:\/\/hosbescafe.com\/index.php\/product\/limonlu-cheesecake\/\",\"url\":\"https:\/\/hosbescafe.com\/index.php\/product\/limonlu-cheesecake\/\",\"name\":\"Limonlu Cheesecake - Ho\u015fbe\u015f Cafe\",\"isPartOf\":{\"@id\":\"https:\/\/hosbescafe.com\/#website\"},\"datePublished\":\"2023-02-04T11:12:01+00:00\",\"dateModified\":\"2025-12-22T06:21:53+00:00\",\"breadcrumb\":{\"@id\":\"https:\/\/hosbescafe.com\/index.php\/product\/limonlu-cheesecake\/#breadcrumb\"},\"inLanguage\":\"tr\",\"potentialAction\":[{\"@type\":\"ReadAction\",\"target\":[\"https:\/\/hosbescafe.com\/index.php\/product\/limonlu-cheesecake\/\"]}]},{\"@type\":\"BreadcrumbList\",\"@id\":\"https:\/\/hosbescafe.com\/index.php\/product\/limonlu-cheesecake\/#breadcrumb\",\"itemListElement\":[{\"@type\":\"ListItem\",\"position\":1,\"name\":\"Anasayfa\",\"item\":\"https:\/\/hosbescafe.com\/\"},{\"@type\":\"ListItem\",\"position\":2,\"name\":\"Shop\",\"item\":\"https:\/\/hosbescafe.com\/index.php\/shop-2\/\"},{\"@type\":\"ListItem\",\"position\":3,\"name\":\"Limonlu Cheesecake\"}]},{\"@type\":\"WebSite\",\"@id\":\"https:\/\/hosbescafe.com\/#website\",\"url\":\"https:\/\/hosbescafe.com\/\",\"name\":\"Ho\u015fbe\u015f Cafe\",\"description\":\"Ho\u015fbe\u015f Cafe&#039;ye Ho\u015fgeldiniz\",\"publisher\":{\"@id\":\"https:\/\/hosbescafe.com\/#organization\"},\"potentialAction\":[{\"@type\":\"SearchAction\",\"target\":{\"@type\":\"EntryPoint\",\"urlTemplate\":\"https:\/\/hosbescafe.com\/?s={search_term_string}\"},\"query-input\":\"required name=search_term_string\"}],\"inLanguage\":\"tr\"},{\"@type\":\"Organization\",\"@id\":\"https:\/\/hosbescafe.com\/#organization\",\"name\":\"Ho\u015fbe\u015f Cafe\",\"url\":\"https:\/\/hosbescafe.com\/\",\"logo\":{\"@type\":\"ImageObject\",\"inLanguage\":\"tr\",\"@id\":\"https:\/\/hosbescafe.com\/#\/schema\/logo\/image\/\",\"url\":\"https:\/\/hosbescafe.com\/wp-content\/uploads\/2023\/02\/cropped-hosbes-pnglogo-e1675462846366.png\",\"contentUrl\":\"https:\/\/hosbescafe.com\/wp-content\/uploads\/2023\/02\/cropped-hosbes-pnglogo-e1675462846366.png\",\"width\":839,\"height\":720,\"caption\":\"Ho\u015fbe\u015f Cafe\"},\"image\":{\"@id\":\"https:\/\/hosbescafe.com\/#\/schema\/logo\/image\/\"},\"sameAs\":[\"https:\/\/www.facebook.com\/HosbesCafe\/?locale=tr_TR\",\"https:\/\/twitter.com\/hosbesbistro\",\"https:\/\/www.instagram.com\/hosbescafe\/\"]}]}<\/script>\n<!-- \/ Yoast SEO plugin. -->","yoast_head_json":{"title":"Limonlu Cheesecake - Ho\u015fbe\u015f Cafe","robots":{"index":"index","follow":"follow","max-snippet":"max-snippet:-1","max-image-preview":"max-image-preview:large","max-video-preview":"max-video-preview:-1"},"canonical":"https:\/\/hosbescafe.com\/index.php\/product\/limonlu-cheesecake\/","og_locale":"tr_TR","og_type":"article","og_title":"Limonlu Cheesecake - Ho\u015fbe\u015f Cafe","og_url":"https:\/\/hosbescafe.com\/index.php\/product\/limonlu-cheesecake\/","og_site_name":"Ho\u015fbe\u015f Cafe","article_publisher":"https:\/\/www.facebook.com\/HosbesCafe\/?locale=tr_TR","article_modified_time":"2025-12-22T06:21:53+00:00","og_image":[{"width":2560,"height":1707,"url":"http:\/\/hosbescafe.com\/wp-content\/uploads\/2023\/02\/DERG8983-kopya-scaled.jpg","type":"image\/jpeg"}],"twitter_card":"summary_large_image","twitter_site":"@hosbesbistro","schema":{"@context":"https:\/\/schema.org","@graph":[{"@type":"WebPage","@id":"https:\/\/hosbescafe.com\/index.php\/product\/limonlu-cheesecake\/","url":"https:\/\/hosbescafe.com\/index.php\/product\/limonlu-cheesecake\/","name":"Limonlu Cheesecake - Ho\u015fbe\u015f Cafe","isPartOf":{"@id":"https:\/\/hosbescafe.com\/#website"},"datePublished":"2023-02-04T11:12:01+00:00","dateModified":"2025-12-22T06:21:53+00:00","breadcrumb":{"@id":"https:\/\/hosbescafe.com\/index.php\/product\/limonlu-cheesecake\/#breadcrumb"},"inLanguage":"tr","potentialAction":[{"@type":"ReadAction","target":["https:\/\/hosbescafe.com\/index.php\/product\/limonlu-cheesecake\/"]}]},{"@type":"BreadcrumbList","@id":"https:\/\/hosbescafe.com\/index.php\/product\/limonlu-cheesecake\/#breadcrumb","itemListElement":[{"@type":"ListItem","position":1,"name":"Anasayfa","item":"https:\/\/hosbescafe.com\/"},{"@type":"ListItem","position":2,"name":"Shop","item":"https:\/\/hosbescafe.com\/index.php\/shop-2\/"},{"@type":"ListItem","position":3,"name":"Limonlu Cheesecake"}]},{"@type":"WebSite","@id":"https:\/\/hosbescafe.com\/#website","url":"https:\/\/hosbescafe.com\/","name":"Ho\u015fbe\u015f Cafe","description":"Ho\u015fbe\u015f Cafe&#039;ye Ho\u015fgeldiniz","publisher":{"@id":"https:\/\/hosbescafe.com\/#organization"},"potentialAction":[{"@type":"SearchAction","target":{"@type":"EntryPoint","urlTemplate":"https:\/\/hosbescafe.com\/?s={search_term_string}"},"query-input":"required name=search_term_string"}],"inLanguage":"tr"},{"@type":"Organization","@id":"https:\/\/hosbescafe.com\/#organization","name":"Ho\u015fbe\u015f Cafe","url":"https:\/\/hosbescafe.com\/","logo":{"@type":"ImageObject","inLanguage":"tr","@id":"https:\/\/hosbescafe.com\/#\/schema\/logo\/image\/","url":"https:\/\/hosbescafe.com\/wp-content\/uploads\/2023\/02\/cropped-hosbes-pnglogo-e1675462846366.png","contentUrl":"https:\/\/hosbescafe.com\/wp-content\/uploads\/2023\/02\/cropped-hosbes-pnglogo-e1675462846366.png","width":839,"height":720,"caption":"Ho\u015fbe\u015f Cafe"},"image":{"@id":"https:\/\/hosbescafe.com\/#\/schema\/logo\/image\/"},"sameAs":["https:\/\/www.facebook.com\/HosbesCafe\/?locale=tr_TR","https:\/\/twitter.com\/hosbesbistro","https:\/\/www.instagram.com\/hosbescafe\/"]}]}},"uagb_featured_image_src":{"full":["https:\/\/hosbescafe.com\/wp-content\/uploads\/2023\/02\/DERG8983-kopya-scaled.jpg",2560,1707,false],"thumbnail":["https:\/\/hosbescafe.com\/wp-content\/uploads\/2023\/02\/DERG8983-kopya-150x150.jpg",150,150,true],"medium":["https:\/\/hosbescafe.com\/wp-content\/uploads\/2023\/02\/DERG8983-kopya-300x200.jpg",300,200,true],"medium_large":["https:\/\/hosbescafe.com\/wp-content\/uploads\/2023\/02\/DERG8983-kopya-768x512.jpg",768,512,true],"large":["https:\/\/hosbescafe.com\/wp-content\/uploads\/2023\/02\/DERG8983-kopya-1024x683.jpg",1024,683,true],"1536x1536":["https:\/\/hosbescafe.com\/wp-content\/uploads\/2023\/02\/DERG8983-kopya-1536x1024.jpg",1536,1024,true],"2048x2048":["https:\/\/hosbescafe.com\/wp-content\/uploads\/2023\/02\/DERG8983-kopya-2048x1365.jpg",2048,1365,true],"woocommerce_thumbnail":["https:\/\/hosbescafe.com\/wp-content\/uploads\/2023\/02\/DERG8983-kopya-300x300.jpg",300,300,true],"woocommerce_single":["https:\/\/hosbescafe.com\/wp-content\/uploads\/2023\/02\/DERG8983-kopya-600x400.jpg",600,400,true],"woocommerce_gallery_thumbnail":["https:\/\/hosbescafe.com\/wp-content\/uploads\/2023\/02\/DERG8983-kopya-100x100.jpg",100,100,true]},"uagb_author_info":{"display_name":"Erman De\u011fermenci","author_link":"https:\/\/hosbescafe.com\/index.php\/author\/"},"uagb_comment_info":0,"uagb_excerpt":null,"_links":{"self":[{"href":"https:\/\/hosbescafe.com\/index.php\/wp-json\/wp\/v2\/product\/1992"}],"collection":[{"href":"https:\/\/hosbescafe.com\/index.php\/wp-json\/wp\/v2\/product"}],"about":[{"href":"https:\/\/hosbescafe.com\/index.php\/wp-json\/wp\/v2\/types\/product"}],"replies":[{"embeddable":true,"href":"https:\/\/hosbescafe.com\/index.php\/wp-json\/wp\/v2\/comments?post=1992"}],"wp:featuredmedia":[{"embeddable":true,"href":"https:\/\/hosbescafe.com\/index.php\/wp-json\/wp\/v2\/media\/2328"}],"wp:attachment":[{"href":"https:\/\/hosbescafe.com\/index.php\/wp-json\/wp\/v2\/media?parent=1992"}],"wp:term":[{"taxonomy":"product_cat","embeddable":true,"href":"https:\/\/hosbescafe.com\/index.php\/wp-json\/wp\/v2\/product_cat?post=1992"},{"taxonomy":"product_tag","embeddable":true,"href":"https:\/\/hosbescafe.com\/index.php\/wp-json\/wp\/v2\/product_tag?post=1992"}],"curies":[{"name":"wp","href":"https:\/\/api.w.org\/{rel}","templated":true}]}}