{"id":1926,"date":"2023-02-04T13:07:12","date_gmt":"2023-02-04T10:07:12","guid":{"rendered":"http:\/\/hosbescafe.com\/?post_type=product&#038;p=1926"},"modified":"2025-12-22T01:16:43","modified_gmt":"2025-12-21T22:16:43","slug":"topkapi-kebabi","status":"publish","type":"product","link":"https:\/\/hosbescafe.com\/index.php\/product\/topkapi-kebabi\/","title":{"rendered":"Topkap\u0131 Kebab\u0131"},"content":{"rendered":"<p>150 g bonfile et, so\u011fan, mantar, kapya biberi, ye\u015filbiber, sar\u0131 biber, \u00e7\u00f6p patates, yo\u011furt ve pilav ile<\/p>\n","protected":false},"excerpt":{"rendered":"<p>150 g bonfile et, so\u011fan, mantar, kapya biberi, ye\u015filbiber, sar\u0131 biber, \u00e7\u00f6p patates, yo\u011furt ve pilav ile<\/p>\n","protected":false},"featured_media":0,"comment_status":"open","ping_status":"closed","template":"","meta":{"_uag_custom_page_level_css":"","site-sidebar-layout":"default","site-content-layout":"default","ast-global-header-display":"","ast-main-header-display":"","ast-hfb-above-header-display":"","ast-hfb-below-header-display":"","ast-hfb-mobile-header-display":"","site-post-title":"","ast-breadcrumbs-content":"","ast-featured-img":"","footer-sml-layout":"","theme-transparent-header-meta":"default","adv-header-id-meta":"","stick-header-meta":"","header-above-stick-meta":"","header-main-stick-meta":"","header-below-stick-meta":""},"product_cat":[26],"product_tag":[],"yoast_head":"<!-- This site is optimized with the Yoast SEO plugin v20.1 - https:\/\/yoast.com\/wordpress\/plugins\/seo\/ -->\n<title>Topkap\u0131 Kebab\u0131 - Ho\u015fbe\u015f Cafe<\/title>\n<meta name=\"robots\" content=\"index, follow, max-snippet:-1, max-image-preview:large, max-video-preview:-1\" \/>\n<link rel=\"canonical\" href=\"https:\/\/hosbescafe.com\/index.php\/product\/topkapi-kebabi\/\" \/>\n<meta property=\"og:locale\" content=\"tr_TR\" \/>\n<meta property=\"og:type\" content=\"article\" \/>\n<meta property=\"og:title\" content=\"Topkap\u0131 Kebab\u0131 - Ho\u015fbe\u015f Cafe\" \/>\n<meta property=\"og:description\" content=\"150 g bonfile et, so\u011fan, mantar, kapya biberi, ye\u015filbiber, sar\u0131 biber, \u00e7\u00f6p patates, yo\u011furt ve pilav ile\" \/>\n<meta property=\"og:url\" content=\"https:\/\/hosbescafe.com\/index.php\/product\/topkapi-kebabi\/\" \/>\n<meta property=\"og:site_name\" content=\"Ho\u015fbe\u015f Cafe\" \/>\n<meta property=\"article:publisher\" content=\"https:\/\/www.facebook.com\/HosbesCafe\/?locale=tr_TR\" \/>\n<meta property=\"article:modified_time\" content=\"2025-12-21T22:16:43+00:00\" \/>\n<meta name=\"twitter:card\" content=\"summary_large_image\" \/>\n<meta name=\"twitter:site\" content=\"@hosbesbistro\" \/>\n<script type=\"application\/ld+json\" class=\"yoast-schema-graph\">{\"@context\":\"https:\/\/schema.org\",\"@graph\":[{\"@type\":\"WebPage\",\"@id\":\"https:\/\/hosbescafe.com\/index.php\/product\/topkapi-kebabi\/\",\"url\":\"https:\/\/hosbescafe.com\/index.php\/product\/topkapi-kebabi\/\",\"name\":\"Topkap\u0131 Kebab\u0131 - Ho\u015fbe\u015f Cafe\",\"isPartOf\":{\"@id\":\"https:\/\/hosbescafe.com\/#website\"},\"datePublished\":\"2023-02-04T10:07:12+00:00\",\"dateModified\":\"2025-12-21T22:16:43+00:00\",\"breadcrumb\":{\"@id\":\"https:\/\/hosbescafe.com\/index.php\/product\/topkapi-kebabi\/#breadcrumb\"},\"inLanguage\":\"tr\",\"potentialAction\":[{\"@type\":\"ReadAction\",\"target\":[\"https:\/\/hosbescafe.com\/index.php\/product\/topkapi-kebabi\/\"]}]},{\"@type\":\"BreadcrumbList\",\"@id\":\"https:\/\/hosbescafe.com\/index.php\/product\/topkapi-kebabi\/#breadcrumb\",\"itemListElement\":[{\"@type\":\"ListItem\",\"position\":1,\"name\":\"Anasayfa\",\"item\":\"https:\/\/hosbescafe.com\/\"},{\"@type\":\"ListItem\",\"position\":2,\"name\":\"Shop\",\"item\":\"https:\/\/hosbescafe.com\/index.php\/shop-2\/\"},{\"@type\":\"ListItem\",\"position\":3,\"name\":\"Topkap\u0131 Kebab\u0131\"}]},{\"@type\":\"WebSite\",\"@id\":\"https:\/\/hosbescafe.com\/#website\",\"url\":\"https:\/\/hosbescafe.com\/\",\"name\":\"Ho\u015fbe\u015f Cafe\",\"description\":\"Ho\u015fbe\u015f Cafe&#039;ye Ho\u015fgeldiniz\",\"publisher\":{\"@id\":\"https:\/\/hosbescafe.com\/#organization\"},\"potentialAction\":[{\"@type\":\"SearchAction\",\"target\":{\"@type\":\"EntryPoint\",\"urlTemplate\":\"https:\/\/hosbescafe.com\/?s={search_term_string}\"},\"query-input\":\"required name=search_term_string\"}],\"inLanguage\":\"tr\"},{\"@type\":\"Organization\",\"@id\":\"https:\/\/hosbescafe.com\/#organization\",\"name\":\"Ho\u015fbe\u015f Cafe\",\"url\":\"https:\/\/hosbescafe.com\/\",\"logo\":{\"@type\":\"ImageObject\",\"inLanguage\":\"tr\",\"@id\":\"https:\/\/hosbescafe.com\/#\/schema\/logo\/image\/\",\"url\":\"https:\/\/hosbescafe.com\/wp-content\/uploads\/2023\/02\/cropped-hosbes-pnglogo-e1675462846366.png\",\"contentUrl\":\"https:\/\/hosbescafe.com\/wp-content\/uploads\/2023\/02\/cropped-hosbes-pnglogo-e1675462846366.png\",\"width\":839,\"height\":720,\"caption\":\"Ho\u015fbe\u015f Cafe\"},\"image\":{\"@id\":\"https:\/\/hosbescafe.com\/#\/schema\/logo\/image\/\"},\"sameAs\":[\"https:\/\/www.facebook.com\/HosbesCafe\/?locale=tr_TR\",\"https:\/\/twitter.com\/hosbesbistro\",\"https:\/\/www.instagram.com\/hosbescafe\/\"]}]}<\/script>\n<!-- \/ Yoast SEO plugin. -->","yoast_head_json":{"title":"Topkap\u0131 Kebab\u0131 - Ho\u015fbe\u015f Cafe","robots":{"index":"index","follow":"follow","max-snippet":"max-snippet:-1","max-image-preview":"max-image-preview:large","max-video-preview":"max-video-preview:-1"},"canonical":"https:\/\/hosbescafe.com\/index.php\/product\/topkapi-kebabi\/","og_locale":"tr_TR","og_type":"article","og_title":"Topkap\u0131 Kebab\u0131 - Ho\u015fbe\u015f Cafe","og_description":"150 g bonfile et, so\u011fan, mantar, kapya biberi, ye\u015filbiber, sar\u0131 biber, \u00e7\u00f6p patates, yo\u011furt ve pilav ile","og_url":"https:\/\/hosbescafe.com\/index.php\/product\/topkapi-kebabi\/","og_site_name":"Ho\u015fbe\u015f Cafe","article_publisher":"https:\/\/www.facebook.com\/HosbesCafe\/?locale=tr_TR","article_modified_time":"2025-12-21T22:16:43+00:00","twitter_card":"summary_large_image","twitter_site":"@hosbesbistro","schema":{"@context":"https:\/\/schema.org","@graph":[{"@type":"WebPage","@id":"https:\/\/hosbescafe.com\/index.php\/product\/topkapi-kebabi\/","url":"https:\/\/hosbescafe.com\/index.php\/product\/topkapi-kebabi\/","name":"Topkap\u0131 Kebab\u0131 - Ho\u015fbe\u015f Cafe","isPartOf":{"@id":"https:\/\/hosbescafe.com\/#website"},"datePublished":"2023-02-04T10:07:12+00:00","dateModified":"2025-12-21T22:16:43+00:00","breadcrumb":{"@id":"https:\/\/hosbescafe.com\/index.php\/product\/topkapi-kebabi\/#breadcrumb"},"inLanguage":"tr","potentialAction":[{"@type":"ReadAction","target":["https:\/\/hosbescafe.com\/index.php\/product\/topkapi-kebabi\/"]}]},{"@type":"BreadcrumbList","@id":"https:\/\/hosbescafe.com\/index.php\/product\/topkapi-kebabi\/#breadcrumb","itemListElement":[{"@type":"ListItem","position":1,"name":"Anasayfa","item":"https:\/\/hosbescafe.com\/"},{"@type":"ListItem","position":2,"name":"Shop","item":"https:\/\/hosbescafe.com\/index.php\/shop-2\/"},{"@type":"ListItem","position":3,"name":"Topkap\u0131 Kebab\u0131"}]},{"@type":"WebSite","@id":"https:\/\/hosbescafe.com\/#website","url":"https:\/\/hosbescafe.com\/","name":"Ho\u015fbe\u015f Cafe","description":"Ho\u015fbe\u015f Cafe&#039;ye Ho\u015fgeldiniz","publisher":{"@id":"https:\/\/hosbescafe.com\/#organization"},"potentialAction":[{"@type":"SearchAction","target":{"@type":"EntryPoint","urlTemplate":"https:\/\/hosbescafe.com\/?s={search_term_string}"},"query-input":"required name=search_term_string"}],"inLanguage":"tr"},{"@type":"Organization","@id":"https:\/\/hosbescafe.com\/#organization","name":"Ho\u015fbe\u015f Cafe","url":"https:\/\/hosbescafe.com\/","logo":{"@type":"ImageObject","inLanguage":"tr","@id":"https:\/\/hosbescafe.com\/#\/schema\/logo\/image\/","url":"https:\/\/hosbescafe.com\/wp-content\/uploads\/2023\/02\/cropped-hosbes-pnglogo-e1675462846366.png","contentUrl":"https:\/\/hosbescafe.com\/wp-content\/uploads\/2023\/02\/cropped-hosbes-pnglogo-e1675462846366.png","width":839,"height":720,"caption":"Ho\u015fbe\u015f Cafe"},"image":{"@id":"https:\/\/hosbescafe.com\/#\/schema\/logo\/image\/"},"sameAs":["https:\/\/www.facebook.com\/HosbesCafe\/?locale=tr_TR","https:\/\/twitter.com\/hosbesbistro","https:\/\/www.instagram.com\/hosbescafe\/"]}]}},"uagb_featured_image_src":{"full":false,"thumbnail":false,"medium":false,"medium_large":false,"large":false,"1536x1536":false,"2048x2048":false,"woocommerce_thumbnail":false,"woocommerce_single":false,"woocommerce_gallery_thumbnail":false},"uagb_author_info":{"display_name":"Erman De\u011fermenci","author_link":"https:\/\/hosbescafe.com\/index.php\/author\/"},"uagb_comment_info":0,"uagb_excerpt":"150 g bonfile et, so\u011fan, mantar, kapya biberi, ye\u015filbiber, sar\u0131 biber, \u00e7\u00f6p patates, yo\u011furt ve pilav ile","_links":{"self":[{"href":"https:\/\/hosbescafe.com\/index.php\/wp-json\/wp\/v2\/product\/1926"}],"collection":[{"href":"https:\/\/hosbescafe.com\/index.php\/wp-json\/wp\/v2\/product"}],"about":[{"href":"https:\/\/hosbescafe.com\/index.php\/wp-json\/wp\/v2\/types\/product"}],"replies":[{"embeddable":true,"href":"https:\/\/hosbescafe.com\/index.php\/wp-json\/wp\/v2\/comments?post=1926"}],"wp:attachment":[{"href":"https:\/\/hosbescafe.com\/index.php\/wp-json\/wp\/v2\/media?parent=1926"}],"wp:term":[{"taxonomy":"product_cat","embeddable":true,"href":"https:\/\/hosbescafe.com\/index.php\/wp-json\/wp\/v2\/product_cat?post=1926"},{"taxonomy":"product_tag","embeddable":true,"href":"https:\/\/hosbescafe.com\/index.php\/wp-json\/wp\/v2\/product_tag?post=1926"}],"curies":[{"name":"wp","href":"https:\/\/api.w.org\/{rel}","templated":true}]}}